2 + 5. What is the units digit of c(9)?
9
Suppose -2*v + 2 = -0*v. Let d be -6 - (v + 0 + -1). Let x = -3 - d. What is the units digit of x?
3
Suppose 0 = -4*j - x + 10, 0*j = -2*j - 3*x. Suppose p = j*v + 14 + 7, 0 = -5*v - 25. Let d = 15 - p. What is the units digit of d?
9
Let w be ((-2)/6)/(1/(-6)). Let x = 7 - w. Suppose -y + 5*y = -4*h + 36, -x*h + 42 = 4*y. What is the units digit of h?
6
Let f(z) = z**2 + 10*z + 2. Let s be f(-10). Suppose s*v - 166 + 58 = 0. What is the tens digit of v?
5
Let d(l) = l**2 + 1. Let v be d(2). What is the units digit of 4/v - (-6)/30?
1
Let n = 20 + -20. Suppose -6 = -3*s + 5*l + 10, 5*s - 2*l - 33 = n. What is the units digit of s?
7
Let l(v) = v. What is the units digit of l(7)?
7
Let t = -32 + 104. What is the tens digit of t?
7
What is the units digit of ((-4)/(-24)*3)/(3/264)?
4
Let o(t) = t**3 + 11*t**2 + 5*t + 6. Let x(w) = -w**3 - 6*w**2 - w + 10. Let j be x(-5). What is the units digit of o(j)?
6
Let t = -1 - -3. Suppose -t*c = 2 - 22. What is the units digit of c?
0
Let a = 455 + -183. What is the hundreds digit of a?
2
Suppose -3*u + 0*u + 6 = 0. Suppose 8 = -u*q + 44. What is the units digit of (-1)/(-1*3/q)?
6
Let h(m) = m**3 + 4*m**2 + 2*m + 2. Let q be h(-3). Suppose -5*z - 5*v = -45, 2*z + q*v = 2*v + 21. What is the units digit of z?
6
Let y = 24 + 14. Suppose -y = -3*c + 31. What is the units digit of c?
3
Suppose -b + 143 = -23. What is the hundreds digit of b?
1
Let y(l) = -l + 6. Let g be y(10). What is the units digit of (2/(-4))/(2/g)?
1
Let s(h) = -h**3 + h**2 - h + 1. Let l be s(1). Let v = l + 3. What is the tens digit of (-6 + v)*(-20)/3?
2
Let o = 7 + -4. Suppose o*q - 32 = -5*v, 2*q + 16 = -0*v + 2*v. What is the units digit of v?
7
Let l(n) = -2*n**2 + 4*n + 1. Let a be l(3). Let f(m) = -m - 3. Let i be f(a). Suppose i*v - 5*s = 45, 0 = 5*v + s + s - 69. What is the tens digit of v?
1
Let v(f) = f**3 - f + 30. Let k be v(0). Let n = k - 15. What is the tens digit of n?
1
Let m(k) = 10*k - 15. What is the tens digit of m(8)?
6
Let j(y) = -y**3 + 8*y**2 + y + 2. Let h be j(8). Suppose 6 = -2*d - h. What is the units digit of d*(10/(-4) + 2)?
4
Suppose 0 = 5*j - 4*o - 419, 5*j - 427 = -0*j + 2*o. What is the tens digit of j?
8
Let d(x) = -x**3 - x**2 + 3*x - 2. What is the units digit of d(-3)?
7
Suppose 3*i - 3*k - 115 = 8, k = 4. What is the units digit of i?
5
Suppose -4*g = -9*g - 5. Let r(h) be the third derivative of 2*h**5/15 + h**3/6 + 5*h**2. What is the units digit of r(g)?
9
Suppose -2*l + 3*r = 6 - 17, -5*l + 4*r = -38. Let v(k) = k**2 - 9*k - 6. Let q be v(l). Suppose s - q*s = -21. What is the units digit of s?
7
What is the units digit of ((-32)/(-6))/(2/18)?
8
Suppose -4*a + 1 = -2*c + 17, 5*c + 3*a = 27. What is the tens digit of (c/(-6))/((-1)/18)?
1
Suppose 0*d - 14 = -2*d. Suppose q = d + 7. What is the tens digit of q?
1
Let k = 11 + -7. What is the units digit of k?
4
Let x(l) = l**2 + 2*l + 2. Let c be x(-2). Suppose 3*u - 69 = -3*s, -4*u - c*s = -40 - 58. What is the units digit of u?
6
Let u(n) = -n**3 - 6*n**2 - 6*n - 4. Let k be u(-5). Let v(g) be the second derivative of 3*g**5/10 + g**3/6 + 2*g. What is the units digit of v(k)?
7
Suppose 4*t - 3*a - 785 = -2*a, -5*t + 5*a + 970 = 0. What is the units digit of t?
7
Let a(m) = m**2 + 2*m - 2. Let d be a(-3). Let p = d + 2. What is the units digit of p?
3
Let x = -406 - -632. What is the units digit of x?
6
Suppose 4*h - 28 = l, -h + 3*l + 14 = l. Let g = h - 5. What is the units digit of g?
1
What is the units digit of 1/(-4) - (-261)/36?
7
Let q(m) = m + 2*m + m**2 - 2*m**2 + 3. Let n be q(3). What is the units digit of (-2)/(-6)*n*1?
1
Let v(d) = -16*d + 22. What is the tens digit of v(-4)?
8
Suppose -5*a - 4*d + 54 = 0, -6*a + a + 53 = 3*d. What is the tens digit of a?
1
Let b(t) = 6*t**3 + t**2 + 3*t - 1. Let j be b(2). Let k = 12 - 7. Suppose 2*q + 9 = 2*u - 3, -k*u + j = 4*q. What is the units digit of u?
9
Suppose -4*d + 23 = j + 6, 5*d + 5 = 4*j. Suppose -5*c - 4*p + 19 = 0, 0 = 4*c - d*c - 3*p. What is the units digit of c?
3
Let v = -38 - 36. Let o be (-3)/(-9) + v/(-3). Let n = o - 12. What is the units digit of n?
3
Let o = 15 + -10. What is the units digit of (3/o + -1)*-30?
2
Let o(z) = -29*z - 5. Let c(a) = -14*a - 3. Let g(j) = 5*c(j) - 2*o(j). What is the units digit of g(-2)?
9
What is the units digit of (2 + -5)/(3/(-2))?
2
Suppose -7 + 4 = -t. Suppose 0 = 5*b - 0*b - 3*p - 43, 2*b + t*p = 34. What is the tens digit of b?
1
Let v(j) = 40*j - 60. Let a(w) = -13*w + 20. Let g(k) = -16*a(k) - 5*v(k). What is the tens digit of g(8)?
4
Let h(d) = d**3 + d**2 + 5*d - 2. What is the tens digit of h(4)?
9
Suppose -5*s + s + 52 = 0. Suppose s = 5*h - 2. Suppose 2*t - q + h = 3*t, -q + 27 = 4*t. What is the units digit of t?
8
Let b(y) = y + 7. Let l be b(-5). Suppose 3*p = l*p. Suppose p = -5*u - 4*c + 35, -u - c - 4*c = -7. What is the units digit of u?
7
Let r be (-101)/(-5) - 6/30. Suppose r = 4*b + 60. Let u = -3 - b. What is the units digit of u?
7
Suppose -5*l - 35 = -5*m, -5*l - 18 - 5 = m. Suppose -3*b + 10 + 9 = m*o, 5*b - 33 = -4*o. What is the units digit of o?
2
Let l(g) = g**2 + g - 5. What is the hundreds digit of l(12)?
1
Let r be 17*(2 - -2)/4. Suppose -2*s = -65 + r. What is the tens digit of s?
2
Suppose 4*k - 8 = -2*i + 38, -5*k = -5*i + 55. Suppose 2*y + 0 = 16. Suppose i = 5*a, 0 = -5*t + 2*a + y + 66. What is the tens digit of t?
1
Let c(u) = -3 - 5 + 3 + 35*u + 3. What is the units digit of c(1)?
3
Let v(q) = q - 5. Let d be v(5). Suppose d*y + 4*y + 8 = 0, z = y + 2. Suppose -3 = -o - z*o. What is the units digit of o?
3
Let z(f) = -5*f + 1. Let g be z(-1). Suppose 3*c - 2*s + 5 = 0, -8*c = -3*c + 2*s + 19. Let y = c + g. What is the units digit of y?
3
Let v(n) = n**3 - n**2 + 3*n + 3. Let a be 12/4*(3 - 2). What is the units digit of v(a)?
0
Suppose 23*q - 18*q - 110 = 0. What is the tens digit of q?
2
Let j(r) = -5*r**2 - r. Let v be j(1). Let k(p) = -2*p + 4. What is the units digit of k(v)?
6
Let r = 209 + -104. What is the tens digit of r?
0
Suppose 2*r - 3*g = -33, -g = -7*r + 4*r - 32. What is the units digit of ((-3)/2)/(r/12)?
2
Let i = 33 - 0. What is the units digit of i?
3
Let c be ((-1)/2)/((-1)/2). Suppose 3*a + 4*o = 12 + 2, 22 = 4*a + 2*o. What is the units digit of a + c/2*0?
6
Let z(u) be the third derivative of u**5/60 - u**4/8 - u**3/2 - 2*u**2. What is the units digit of z(5)?
7
Let o be 1/((-2)/(-14)) - -1. Let p be (-3 + 1)*(-12)/o. Suppose n - p*n + 12 = 0. What is the units digit of n?
6
Let j(p) = p**3 + 2*p**2 + 2. Suppose 5*y + 3 = 13. What is the tens digit of j(y)?
1
Let k(z) = -z**3 - z**2. Let a be k(0). Suppose l - 12 = -2*l. Suppose 44 = l*f - a*f. What is the units digit of f?
1
Let o = 104 + -73. What is the units digit of o?
1
Let x(u) be the second derivative of -u**4/12 - u**3/6 + 11*u**2/2 + u. Suppose 0 = -4*y + 9*y. What is the units digit of x(y)?
1
Suppose -3*p - 2*p - 2*d = -21, p + d - 3 = 0. Suppose 0 = -b - p*b + 246. What is the tens digit of b?
4
Let b(l) = -41*l**3 - 1. What is the tens digit of b(-1)?
4
Suppose 4*q - 2*u = 2*q - 14, -55 = 4*q + 5*u. What is the units digit of (-5)/q - (-22)/4?
6
Suppose 4*z - 11*z = -154. What is the units digit of z?
2
Suppose 4*b + t = 3, 32 = -4*t + 12. Suppose -b*s = -s - 14. What is the units digit of s?
4
Let z = 11 + -3. Let b = -6 + z. Suppose -b*o - 41 = -4*d + o, -2*d = 3*o - 25. What is the units digit of d?
1
Let v = -89 + 152. What is the units digit of v?
3
What is the units digit of (10/((-50)/205))/(0 - 1)?
1
Suppose -5*i + 153 = 5*b - 62, -4*i + 170 = 2*b. What is the units digit of i?
2
Let x be ((-108)/(-42))/(2/14). Let o = 29 - x. What is the tens digit of o?
1
Let a(d) = d**2 + 15*d - 13. What is the units digit of a(-16)?
3
Suppose x - 3*x = -140. Suppose 2*s = -4*u - s + 11, -s - 8 = -u. Suppose -u*h = -0*h - x. What is the tens digit of h?
1
Let x(o) be the first derivative of 15*o**2/2 + o + 1. Let s be x(-1). What is the units digit of 2/4 + s/(-4)?
4
Let q be ((-3)/4)/((-7)/56). Let j = q - 12. Let o = -5 - j. What is the units digit of o?
1
Let h(r) = 13*r**2 - 2*r - 1. Let o(g) = -27*g**2 + 4*g + 2. Let u(l) = 5*h(l) + 2*o(l). What is the tens digi